ite?
False
Is 458309 composite?
False
Is 33742 a prime number?
False
Is 77135 a composite number?
True
Is 27179 a prime number?
True
Is 15787 composite?
False
Is 17041 a prime number?
True
Is 69371 composite?
False
Is 161197 a prime number?
False
Is 9395 a composite number?
True
Is 18299 a prime number?
False
Is 85777 a composite number?
True
Is 35569 a composite number?
False
Is 10663 a prime number?
True
Is 1085567 composite?
True
Is 15859 prime?
True
Is 1253 a composite number?
True
Is 18869 a composite number?
False
Is 22229 composite?
False
Is 499853 a composite number?
False
Is 7799 prime?
False
Is 40927 prime?
True
Is 223 a composite number?
False
Is 23137 composite?
True
Is 5021 a composite number?
False
Is 196379 a prime number?
True
Is 1935991 a prime number?
True
Is 15959 prime?
True
Is 67243 a prime number?
False
Is 89413 composite?
False
Is 2633 a composite number?
False
Is 91313 a prime number?
False
Is 1046651 composite?
True
Is 469297 prime?
False
Is 22807 a composite number?
False
Is 139187 a composite number?
False
Is 6059 a composite number?
True
Is 354533 prime?
True
Is 2151823 a prime number?
False
Is 55463 a prime number?
False
Is 357701 a composite number?
True
Is 3883 composite?
True
Is 171443 a prime number?
False
Is 3659 prime?
True
Is 67381 a prime number?
False
Is 2757 composite?
True
Is 1458731 a prime number?
False
Is 34781 composite?
False
Is 552179 a prime number?
True
Is 121195 prime?
False
Is 21587 composite?
False
Is 1270897 composite?
False
Is 1141901 prime?
True
Is 12587 prime?
False
Is 95843 a prime number?
False
Is 1549021 a prime number?
False
Is 20789 a composite number?
False
Is 6007 composite?
False
Is 33851 a composite number?
False
Is 626861 a prime number?
True
Is 8419 composite?
False
Is 334987 prime?
True
Is 203617 prime?
True
Is 128285 a composite number?
True
Is 21367 a composite number?
True
Is 17993 prime?
False
Is 248635 composite?
True
Is 31387 prime?
True
Is 178985 prime?
False
Is 6337 composite?
False
Is 57167 prime?
False
Is 28235 a composite number?
True
Is 482593 a composite number?
False
Is 3647 a prime number?
False
Is 38373 composite?
True
Is 88379 a prime number?
True
Is 12643 a composite number?
True
Is 1135709 prime?
False
Is 102903 composite?
True
Is 184127 composite?
True
Is 4279 composite?
True
Is 98989 a prime number?
False
Is 1055183 composite?
True
Is 11549 a composite number?
False
Is 2929 prime?
False
Is 1994971 a prime number?
False
Is 784397 a composite number?
True
Is 322001 prime?
True
Is 5951 a composite number?
True
Is 19911 a prime number?
False
Is 43669 a prime number?
True
Is 808922 prime?
False
Is 437 a prime number?
False
Is 9851 composite?
False
Is 1576849 a composite number?
False
Is 901 prime?
False
Is 212621 a composite number?
True
Is 3119 a composite number?
False
Is 901367 prime?
True
Is 75569 a composite number?
True
Is 474769 composite?
False
Is 10405 composite?
True
Is 122131 prime?
True
Is 952617 a composite number?
True
Is 8039 a composite number?
False
Is 2833 a composite number?
False
Is 10331 a composite number?
False
Is 20323 prime?
True
Is 79967 a prime number?
True
Is 541795 a composite number?
True
Is 30421 a prime number?
False
Is 437623 prime?
False
Is 8069 prime?
True
Is 202133 prime?
False
Is 6503 a prime number?
False
Is 2200301 a composite number?
False
Is 89935 a composite number?
True
Is 1541 prime?
False
Is 39115 a composite number?
True
Is 4621 composite?
False
Is 879227 composite?
False
Is 615229 a prime number?
True
Is 405323 a prime number?
True
Is 92141 a composite number?
True
Is 115393 a prime number?
False
Is 1633 a composite number?
True
Is 663733 prime?
False
Is 419091 composite?
True
Is 17239 a prime number?
True
Is 343727 a composite number?
False
Is 34403 a composite number?
False
Is 100141 a prime number?
False
Is 130459 composite?
True
Is 22609 a prime number?
False
Is 30505 a composite number?
True
Is 59539 a composite number?
False
Is 63221 composite?
True
Is 646895 a composite number?
True
Is 153539 a composite number?
True
Is 4177 a composite number?
False
Is 13849 a composite number?
True
Is 146107 a composite number?
True
Is 123601 prime?
True
Is 1527443 composite?
False
Is 18455 a composite number?
True
Is 117509 prime?
False
Is 96779 a prime number?
True
Is 8861 a composite number?
False
Is 364303 a prime number?
True
Is 1255 a prime number?
False
Is 5623 composite?
False
Is 178973 prime?
True
Is 604321 a prime number?
False
Is 331333 composite?
False
Is 6521 a composite number?
False
Is 8843 prime?
False
Is 799723 a prime number?
True
Is 22735 prime?
False
Is 19333 composite?
False
Is 1567177 prime?
False
Is 5622197 composite?
True
Is 19939 a composite number?
True
Is 229945 composite?
True
Is 4774891 a composite number?
True
Is 66473 a prime number?
False
Is 18973 a composite number?
False
Is 9413 a composite number?
False
Is 309347 prime?
False
Is 25997 prime?
True
Is 2749 a composite number?
False
Is 16501 composite?
True
Is 61127 prime?
False
Is 907 prime?
True
Is 639893 composite?
True
Is 1657 composite?
False
Is 182577 prime?
False
Is 25793 prime?
True
Is 22739 composite?
False
Is 257627 a prime number?
True
Is 1206113 composite?
False
Is 13151 composite?
False
Is 2018 prime?
False
Is 1015865 a composite number?
True
Is 46687 composite?
False
Is 78379 a composite number?
True
Is 3299 a composite number?
False
Is 7661 prime?
False
Is 46021 composite?
False
Is 7057 a composite number?
False
Is 64939 composite?
True
Is 35141 a prime number?
True
Is 992357 a composite number?
False
Is 7793 a prime number?
True
Is 9553 composite?
True
Is 194963 composite?
False
Is 10301 composite?
False
Is 4049 composite?
False
Is 179639 composite?
True
Is 249 prime?
False
Is 4934 prime?
False
Is 9391 a composite number?
False
Is 252583 prime?
True
Is 1441222 prime?
False
Is 4853 a prime number?
False
Is 39251 composite?
False
Is 8009 composite?
False
Is 547441 a prime number?
True
Is 7897 prime?
False
Is 16291 a prime number?
False
Is 182801 composite?
True
Is 977 prime?
True
Is 232751 a prime number?
True
Is 960017 a prime number?
True
Is 55001 a prime number?
True
Is 40771 a composite number?
False
Is 52081 a composite number?
False
Is 3799 a composite number?
True
Is 190243 a prime number?
True
Is 13067 a prime number?
False
Is 39293 composite?
False
Is 2049647 a prime number?
True
Is 150819 composite?
True
Is 15313 composite?
False
Is 244907 a prime number?
False
Is 284035 prime?
False
Is 59803 composite?
True
Is 3739 a composite number?
False
Is 35057 a prime number?
False
Is 39499 a composite number?
False
Is 6491 prime?
True
Is 372201 a prime number?
False
Is 527809 a composite number?
False
Is 822737 a prime number?
False
Is 31829 prime?
False
Is 262013 prime?
False
Is 9409 composite?
True
Is 955181 prime?
False
Is 16759 a prime number?
True
Is 5933 a prime number?
False
Is 104069 a prime number?
False
Is 18251 a composite number?
False
Is 355717 a composite number?
False
Is 10961 a composite number?
True
Is 95423 a prime number?
False
Is 877 a prime number?
True
Is 3659 prime?
True
Is 13443 prime?
False
Is 7217 a composite number?
True
Is 286333 composite?
False
Is 357801 composite?
True
Is 13957 a prime number?
False
Is 4283 prime?
True
Is 68722 prime?
False
Is 38633 composite?
True
Is 7835 prime?
False
Is 35431 a prime number?
False
Is 17341 composite?
False
Is 5129 a prime number?
False
Is 3377707 prime?
False
Is 1901 composite?
False
Is 3601 composite?
True
Is 1793 a prime number?
False
Is 1116134 a composite number?
True
Is 106487 prime?
True
Is 1931 composite?
False
Is 2857 a prime number?
True
Is 17194 a composite number?
True
Is 20887 a composite number?
False
Is 1543 a composite number?
False
Is 5162381 prime?
False
Is 97103 a prime number?
True
Is 1109137 composite?
True
Is 459209 a prime number?
True
Is 301141 prime?
True
Is 201281 composite?
False
Is 112447 composite?
True
Is 123391 a prime number?
False
Is 167521 prime?
True
Is 234703 composite?
True
Is 380561 a prime number?
False
Is 4099 composite?
False
Is 30769 prime?
False
Is 74747 prime?
True
Is 11947 composite?
True
Is 6883 a composite number?
False
Is 760093 prime?
True
Is 66083 a composite number?
False
Is 62681 composite?
True
Is 5953 com